{"id":2133,"date":"2025-06-12T13:53:53","date_gmt":"2025-06-12T13:53:53","guid":{"rendered":"https:\/\/fiancor.com.ar\/nuevaweb\/?page_id=2133"},"modified":"2025-06-26T04:40:21","modified_gmt":"2025-06-26T04:40:21","slug":"quienes-somos-2","status":"publish","type":"page","link":"https:\/\/fiancor.com.ar\/nuevaweb\/quienes-somos-2\/","title":{"rendered":"quienes somos"},"content":{"rendered":"\t\t<div data-elementor-type=\"wp-page\" data-elementor-id=\"2133\" class=\"elementor elementor-2133\">\n\t\t\t\t<div class=\"elementor-element elementor-element-fb70209 e-flex e-con-boxed e-con e-parent\" data-id=\"fb70209\" data-element_type=\"container\" data-settings=\"{&quot;background_background&quot;:&quot;classic&quot;}\">\n\t\t\t\t\t<div class=\"e-con-inner\">\n\t\t<div class=\"elementor-element elementor-element-04c5e26 e-con-full e-flex e-con e-child\" data-id=\"04c5e26\" data-element_type=\"container\">\n\t\t\t\t<div class=\"elementor-element elementor-element-d140469 elementor-widget elementor-widget-heading\" data-id=\"d140469\" data-element_type=\"widget\" data-widget_type=\"heading.default\">\n\t\t\t\t<div class=\"elementor-widget-container\">\n\t\t\t\t\t<h3 class=\"elementor-heading-title elementor-size-default\">Qui\u00e9nes somos<\/h3>\t\t\t\t<\/div>\n\t\t\t\t<\/div>\n\t\t\t\t<div class=\"elementor-element elementor-element-a1a7bce elementor-widget elementor-widget-heading\" data-id=\"a1a7bce\" data-element_type=\"widget\" data-widget_type=\"heading.default\">\n\t\t\t\t<div class=\"elementor-widget-container\">\n\t\t\t\t\t<h1 class=\"elementor-heading-title elementor-size-default\">Grupo Fiancor S.A.: innovaci\u00f3n, confianza y alianzas estrat\u00e9gicas.<\/h1>\t\t\t\t<\/div>\n\t\t\t\t<\/div>\n\t\t\t\t<\/div>\n\t\t\t\t\t<\/div>\n\t\t\t\t<\/div>\n\t\t<div class=\"elementor-element elementor-element-af7e21c e-flex e-con-boxed e-con e-parent\" data-id=\"af7e21c\" data-element_type=\"container\">\n\t\t\t\t\t<div class=\"e-con-inner\">\n\t\t\t\t<div class=\"elementor-element elementor-element-7b1c193 elementor-widget elementor-widget-text-editor\" data-id=\"7b1c193\" data-element_type=\"widget\" data-widget_type=\"text-editor.default\">\n\t\t\t\t<div class=\"elementor-widget-container\">\n\t\t\t\t\t\t\t\t\t<p>En Grupo Fiancor S.A., nos dedicamos a facilitar el proceso de alquiler de propiedades, haciendo realidad el sue\u00f1o de vivienda para los inquilinos. Como empresa, nos distinguimos por la innovaci\u00f3n tecnol\u00f3gica, el compromiso con la sustentabilidad y un servicio de excelencia que sit\u00faa al cliente en el centro de nuestra operaci\u00f3n. Nuestra misi\u00f3n es construir relaciones comerciales s\u00f3lidas y de largo plazo, basadas en la confianza, la eficiencia y la transparencia.<\/p><p>Nuestras Alianzas Estrat\u00e9gicas y Propuesta de Valor<br \/>Para potenciar nuestra propuesta de valor y mantenernos a la vanguardia, hemos establecido alianzas estrat\u00e9gicas con l\u00edderes del mercado. Nuestra colaboraci\u00f3n con BBVA Seguros nos permite ofrecer fianzas de alquiler y seguros de cauci\u00f3n, brindando seguridad y respaldo. A su vez, la reciente alianza con Arcomercial, referente en software para la gesti\u00f3n de alquileres, optimiza nuestra capacidad de llegar de forma directa a nuestros clientes con un servicio de m\u00e1xima calidad.<\/p><p>La Inmobiliaria: Nuestro Aliado Clave en el Proceso<br \/>Entendemos que las inmobiliarias son un pilar fundamental en el ecosistema del alquiler. Por eso, las consideramos verdaderas aliadas estrat\u00e9gicas en cada paso del proceso. Nuestro objetivo es simplificar y agilizar su gesti\u00f3n, brindando herramientas y soporte que les permitan enfocarse en lo que mejor saben hacer: conectar propiedades con inquilinos. Contamos con un equipo comercial especializado que trabaja codo a codo con las inmobiliarias, ofreciendo atenci\u00f3n personalizada tanto presencial como virtual para resolver cualquier consulta y facilitar la concreci\u00f3n de cada contrato.<\/p><p>La tecnolog\u00eda es un pilar fundamental en nuestra operaci\u00f3n. Utilizamos tecnolog\u00eda de vanguardia para el an\u00e1lisis crediticio, asegurando procesos \u00e1giles, precisos y transparentes que benefician directamente a las inmobiliarias y sus clientes. Ofrecemos m\u00faltiples opciones de pago y la conveniencia de la firma electr\u00f3nica, adapt\u00e1ndonos a las necesidades de cada operaci\u00f3n y optimizando el tiempo de todos los involucrados. Adem\u00e1s, contamos con el asesoramiento jur\u00eddico especializado de prestigiosos estudios, garantizando soporte legal integral que respalda la gesti\u00f3n de las inmobiliarias.<\/p><p>Invitamos a las inmobiliarias a integrar nuestra red y experimentar la propuesta diferenciadora de Grupo Fiancor S.A., donde la colaboraci\u00f3n y la eficiencia se traducen en \u00e9xito compartido.<\/p><p>Cordialmente,<\/p>\t\t\t\t\t\t\t\t<\/div>\n\t\t\t\t<\/div>\n\t\t\t\t\t<\/div>\n\t\t\t\t<\/div>\n\t\t\t\t<\/div>\n\t\t","protected":false},"excerpt":{"rendered":"<p>Qui\u00e9nes somos Grupo Fiancor S.A.: innovaci\u00f3n, confianza y alianzas estrat\u00e9gicas. En Grupo Fiancor S.A., nos dedicamos a facilitar el proceso de alquiler de propiedades, haciendo realidad el sue\u00f1o de vivienda para los inquilinos. Como empresa, nos distinguimos por la innovaci\u00f3n tecnol\u00f3gica, el compromiso con la sustentabilidad y un servicio de excelencia que sit\u00faa al cliente [&hellip;]<\/p>\n","protected":false},"author":3,"featured_media":0,"parent":0,"menu_order":0,"comment_status":"closed","ping_status":"closed","template":"","meta":{"site-sidebar-layout":"no-sidebar","site-content-layout":"page-builder","ast-site-content-layout":"full-width-container","site-content-style":"default","site-sidebar-style":"default","ast-global-header-display":"","ast-banner-title-visibility":"","ast-main-header-display":"","ast-hfb-above-header-display":"","ast-hfb-below-header-display":"","ast-hfb-mobile-header-display":"","site-post-title":"disabled","ast-breadcrumbs-content":"","ast-featured-img":"disabled","footer-sml-layout":"","theme-transparent-header-meta":"","adv-header-id-meta":"","stick-header-meta":"","header-above-stick-meta":"","header-main-stick-meta":"","header-below-stick-meta":"","astra-migrate-meta-layouts":"set","ast-page-background-enabled":"default","ast-page-background-meta":{"desktop":{"background-color":"var(--ast-global-color-4)","background-image":"","background-repeat":"repeat","background-position":"center center","background-size":"auto","background-attachment":"scroll","background-type":"","background-media":"","overlay-type":"","overlay-color":"","overlay-opacity":"","overlay-gradient":""},"tablet":{"background-color":"","background-image":"","background-repeat":"repeat","background-position":"center center","background-size":"auto","background-attachment":"scroll","background-type":"","background-media":"","overlay-type":"","overlay-color":"","overlay-opacity":"","overlay-gradient":""},"mobile":{"background-color":"","background-image":"","background-repeat":"repeat","background-position":"center center","background-size":"auto","background-attachment":"scroll","background-type":"","background-media":"","overlay-type":"","overlay-color":"","overlay-opacity":"","overlay-gradient":""}},"ast-content-background-meta":{"desktop":{"background-color":"var(--ast-global-color-5)","background-image":"","background-repeat":"repeat","background-position":"center center","background-size":"auto","background-attachment":"scroll","background-type":"","background-media":"","overlay-type":"","overlay-color":"","overlay-opacity":"","overlay-gradient":""},"tablet":{"background-color":"var(--ast-global-color-5)","background-image":"","background-repeat":"repeat","background-position":"center center","background-size":"auto","background-attachment":"scroll","background-type":"","background-media":"","overlay-type":"","overlay-color":"","overlay-opacity":"","overlay-gradient":""},"mobile":{"background-color":"var(--ast-global-color-5)","background-image":"","background-repeat":"repeat","background-position":"center center","background-size":"auto","background-attachment":"scroll","background-type":"","background-media":"","overlay-type":"","overlay-color":"","overlay-opacity":"","overlay-gradient":""}},"footnotes":""},"class_list":["post-2133","page","type-page","status-publish","hentry"],"_links":{"self":[{"href":"https:\/\/fiancor.com.ar\/nuevaweb\/wp-json\/wp\/v2\/pages\/2133","targetHints":{"allow":["GET"]}}],"collection":[{"href":"https:\/\/fiancor.com.ar\/nuevaweb\/wp-json\/wp\/v2\/pages"}],"about":[{"href":"https:\/\/fiancor.com.ar\/nuevaweb\/wp-json\/wp\/v2\/types\/page"}],"author":[{"embeddable":true,"href":"https:\/\/fiancor.com.ar\/nuevaweb\/wp-json\/wp\/v2\/users\/3"}],"replies":[{"embeddable":true,"href":"https:\/\/fiancor.com.ar\/nuevaweb\/wp-json\/wp\/v2\/comments?post=2133"}],"version-history":[{"count":13,"href":"https:\/\/fiancor.com.ar\/nuevaweb\/wp-json\/wp\/v2\/pages\/2133\/revisions"}],"predecessor-version":[{"id":2247,"href":"https:\/\/fiancor.com.ar\/nuevaweb\/wp-json\/wp\/v2\/pages\/2133\/revisions\/2247"}],"wp:attachment":[{"href":"https:\/\/fiancor.com.ar\/nuevaweb\/wp-json\/wp\/v2\/media?parent=2133"}],"curies":[{"name":"wp","href":"https:\/\/api.w.org\/{rel}","templated":true}]}}